s the thousands digit of 23485?
3
What is the hundred thousands digit of 2880688?
8
What is the units digit of 75545?
5
What is the thousands digit of 169363?
9
What is the hundred thousands digit of 3117777?
1
What is the ten thousands digit of 11784914?
8
What is the tens digit of 9447747?
4
What is the thousands digit of 867171?
7
What is the ten millions digit of 43777171?
4
What is the hundreds digit of 3519963?
9
What is the thousands digit of 2877273?
7
What is the thousands digit of 182086?
2
What is the units digit of 131076?
6
What is the ten millions digit of 22750960?
2
What is the hundreds digit of 2161524?
5
What is the units digit of 2503150?
0
What is the hundreds digit of 32215211?
2
What is the thousands digit of 6493762?
3
What is the hundreds digit of 2895750?
7
What is the hundreds digit of 378367?
3
What is the thousands digit of 2381565?
1
What is the units digit of 3473949?
9
What is the units digit of 282388?
8
What is the tens digit of 508065?
6
What is the units digit of 18967536?
6
What is the thousands digit of 206932?
6
What is the ten thousands digit of 1591822?
9
What is the hundreds digit of 222948?
9
What is the thousands digit of 145517?
5
What is the hundred thousands digit of 4970918?
9
What is the units digit of 3502422?
2
What is the ten thousands digit of 298497?
9
What is the hundreds digit of 96821?
8
What is the hundred thousands digit of 1426364?
4
What is the ten thousands digit of 782310?
8
What is the thousands digit of 131811?
1
What is the hundred thousands digit of 194625?
1
What is the hundred thousands digit of 675148?
6
What is the units digit of 576038?
8
What is the units digit of 381079?
9
What is the thousands digit of 2017791?
7
What is the thousands digit of 9107047?
7
What is the ten thousands digit of 5738432?
3
What is the units digit of 311121?
1
What is the tens digit of 149083?
8
What is the thousands digit of 317508?
7
What is the ten thousands digit of 820455?
2
What is the hundreds digit of 183486?
4
What is the thousands digit of 4963870?
3
What is the ten thousands digit of 129215?
2
What is the ten thousands digit of 3981814?
8
What is the thousands digit of 101780?
1
What is the hundreds digit of 527723?
7
What is the thousands digit of 2148?
2
What is the tens digit of 33304531?
3
What is the hundred thousands digit of 2641304?
6
What is the thousands digit of 1920595?
0
What is the hundreds digit of 30949582?
5
What is the ten thousands digit of 980631?
8
What is the units digit of 20849676?
6
What is the tens digit of 234959?
5
What is the ten thousands digit of 6398523?
9
What is the ten thousands digit of 877572?
7
What is the units digit of 9478493?
3
What is the thousands digit of 743085?
3
What is the hundreds digit of 17835356?
3
What is the thousands digit of 2570551?
0
What is the units digit of 473996?
6
What is the units digit of 6440330?
0
What is the tens digit of 7511666?
6
What is the tens digit of 4032158?
5
What is the tens digit of 6779?
7
What is the thousands digit of 4361469?
1
What is the ten thousands digit of 92633?
9
What is the hundred thousands digit of 13266381?
2
What is the hundred thousands digit of 2346004?
3
What is the hundred thousands digit of 732330?
7
What is the ten thousands digit of 25181993?
8
What is the hundred thousands digit of 3848844?
8
What is the tens digit of 2028856?
5
What is the hundreds digit of 19540426?
4
What is the hundreds digit of 65304?
3
What is the thousands digit of 2341057?
1
What is the units digit of 2658286?
6
What is the ten thousands digit of 902491?
0
What is the tens digit of 666569?
6
What is the ten thousands digit of 942759?
4
What is the thousands digit of 442003?
2
What is the tens digit of 1428472?
7
What is the thousands digit of 1057864?
7
What is the millions digit of 4570747?
4
What is the ten thousands digit of 8188927?
8
What is the ten thousands digit of 507861?
0
What is the units digit of 4148273?
3
What is the ten thousands digit of 124995?
2
What is the thousands digit of 3218145?
8
What is the units digit of 197978?
8
What is the hundreds digit of 737071?
0
What is the units digit of 1218536?
6
What is the thousands digit of 276677?
6
What is the thousands digit of 343423?
3
What is the tens digit of 6984442?
4
What is the ten thousands digit of 693292?
9
What is the hundred thousands digit of 210615?
2
What is the units digit of 1273999?
9
What is the units digit of 127180?
0
What is the hundreds digit of 993587?
5
What is the hundreds digit of 1592748?
7
What is the thousands digit of 12858456?
8
What is the thousands digit of 341737?
1
What is the hundred thousands digit of 121547?
1
What is the millions digit of 3217758?
3
What is the millions digit of 4306696?
4
What is the millions digit of 1504806?
1
What is the tens digit of 1463497?
9
What is the units digit of 734927?
7
What is the hundreds digit of 73434?
4
What is the ten thousands digit of 3291091?
9
What is the thousands digit of 1250236?
0
What is the ten thousands digit of 841808?
4
What is the thousands digit of 132249?
2
What is the tens digit of 4151577?
7
What is the thousands digit of 1887286?
7
What is the units digit of 336523?
3
What is the millions digit of 4385898?
4
What is the hundreds digit of 2352186?
1
What is the units digit of 7457189?
9
What is the ten thousands digit of 8053961?
5
What is the hundreds digit of 1224254?
2
What is the thousands digit of 1886992?
6
What is the tens digit of 4740072?
7
What is the tens digit of 757196?
9
What is the tens digit of 10283607?
0
What is the hundreds digit of 77837?
8
What is the units digit of 894362?
2
What is the thousands digit of 4690747?
0
What is the units digit of 3720708?
8
What is the ten thousands digit of 2081747?
8
What is the thousands digit of 1617882?
7
What is the ten thousands digit of 2805222?
0
What is the millions digit of 11510459?
1
What is the thousands digit of 1490925?
0
What is the millions digit of 5795997?
5
What is the ten millions digit of 17740029?
1
What is the thousands digit of 309760?
9
What is the units digit of 2986343?
3
What is the ten thousands digit of 482301?
8
What is the thousands digit of 35263?
5
What is the hundred thousands digit of 978469?
9
What is the hundred thousands digit of 797977?
7
What is the thousands digit of 10998793?
8
What is the thousands digit of 755578?
5
What is the ten thousands digit of 5838357?
3
What is the ten thousands digit of 19480265?
8
What is the millions digit of 35433032?
5
What is the tens digit of 5699970?
7
What is the hundreds digit of 1135576?
5
What is the tens digit of 479459?
5
What is the ten thousands digit of 776915?
7
What is the ten thousands digit of 110501?
1
What is the hundreds digit of 1791157?
1
What is the thousands digit of 32600660?
0
What is the ten thousands digit of 465918?
6
What is the hundreds digit of 207155?
1
What is the hundreds digit of 4515224?
2
What is the hundred thousands digit of 7287692?
2
What is the hundred thousands digit of 1927473?
9
What is the thousands digit of 21018959?
8
What is the thousands digit of 157835?
7
What is the thousands digit of 2186679?
6
What is the hundred thousands digit of 678853?
6
What is the units digit of 21904064?
4
What is the hundred thousands digit of 620641?
6
What is the millions digit of 9520044?
9
What is the thousands digit of 258177?
8
What is the tens digit of 1261538?
3
What is the ten thousands digit of 653917?
5
What is the thousands digit of 2242673?
2
What is the ten thousands digit of 7283161?
8
What is the thousands digit of 6762546?
2
What is the tens digit of 626471?
7
What is the units digit of 1336025?
5
What is the ten thousands digit of 339812?
3
What is the thousands digit of 1339720?
9
What is the ten thousands digit of 216599?
1
What is the hundred thousands digit of 10519477?
5
What is the hundred thousands digit of 2746523?
7
What is the tens digit of 3297947?
4
What is the hundreds digit of 5828207?
2
What is the ten thousands digit of 912618?
1
What is the millions digit of 4376734?
4
What is the hundreds digit of 842397?
3
What is the millions digit of 2206006?
2
What is the millions digit of 19716317?
9
What is the thousands digit of 1367551?
7
What is the units digit 